 of j**5/20 + j**4/12 + 2*j. Let q be (72/32)/9 + 58/(-8). Let l be q + (-80)/(-12) - (-2)/(-3). What is s(l)?
0
Suppose -70 = -12*n - 430. Let f be (1/3)/(n/(-270)). Let x(w) = w**2 - w - 14. Give x(f).
-8
Let k(d) = -d**2 + 45*d - 505. Let w be k(26). Let o(z) = z**2 + 12*z + 16. What is o(w)?
5
Let w(q) = -q**2 - 5*q + 4. Suppose 118 = 4*u + 2*m, 0 = 2*u - 0*m + 2*m - 60. Let y = 24 - u. Calculate w(y).
4
Let i(o) = 1 + 4*o - 5*o - 29 - 25 + 4*o. Give i(19).
4
Let r = -2222 + 2223. Let n(y) = -12*y**2 + 2*y - 2. Calculate n(r).
-12
Suppose 2*b - 2 = -4*x, -2*x = 9*b - 6*b + 9. Let q(w) be the third derivative of w**5/60 + w**4/8 - 55*w**2. Calculate q(b).
10
Let g(q) = -5*q + 2. Let j(t) = -63*t + 78. Let f(n) = 30*g(n) - 2*j(n). Give f(-5).
24
Let b(d) = -109*d + 329*d - 98*d - 105*d + 4 + 1. What is b(3)?
56
Let n be (-896)/(-160) - 3/5. Suppose -2*v + 0*v = -8, 3*o + n*v = -1. Let d(h) = h**2 + 7*h - 6. Give d(o).
-6
Let u(v) = -2*v**3 + 34*v**2 - 130*v - 10. Let o be u(6). Let w(h) = 2*h + 7. Let m(t) = -6*t - 20. Let q(b) = 5*m(b) + 14*w(b). Calculate q(o).
-6
Let t(w) = -w**3 + 5*w**2 - w - 1. Let y(n) = -n**2 - 2*n + 2. Let j be y(-4). Let b be (6/(-5))/(j*(-4)/(-160)). Suppose -5*u + u = -b. Determine t(u).
9
Suppose 2*o - 21 = -4*i + 17, 2*o - 36 = -5*i. Suppose 0 = u + o - 14. Let h(b) = -b**2 - 7*b + 6. Determine h(u).
-12
Let m(h) be the third derivative of 7*h**4/12 - 65*h**3/6 - 6478*h**2. What is m(4)?
-9
Let j(w) = -276*w + 13*w**2 + 78*w + 1 + 74*w + 76*w + 61*w. Determine j(-1).
1
Let p = 17008 + -17002. Let y(v) = v**3 - 6*v**2 + 13*v - 82. Determine y(p).
-4
Let b = -6923 - -6923. Let m(p) be the second derivative of 15*p - 3/2*p**2 + b - 1/12*p**4 + 2/3*p**3. What is m(5)?
-8
Let g = 13 + -8. Let u(v) = -v + 1. Let n = 327 + -323. Let z(k) = k - 2. Let l(r) = g*u(r) + n*z(r). Determine l(-4).
1
Let a(z) = -2*z - 2. Suppose u = -3*h - 435, 6*h - 145 = 7*h - 4*u. Let w = h + 137. Determine a(w).
14
Let d(r) = 5*r - 4*r + 10 - 21. Let q be (10 - -1) + (-1 - (-195)/(-39)). What is d(q)?
-6
Let r(y) = -y**3 - 18*y**2 + 20*y + 16. Let k = 4803 + -4822. Determine r(k).
-3
Let i = 276 + -257. Let g(m) = -5*m + 95. Let z be g(i). Let k(h) be the first derivative of -h**4/4 - 20*h + 1. Give k(z).
-20
Let b = -3106 + 3103. Let z(k) = 8*k**2 + 3*k + 1. What is z(b)?
64
Let i(z) be the first derivative of -5*z**4/2 - z**3/3 - z**2/2 + 3*z - 987. Calculate i(1).
-9
Let i be (-27)/54 - (1/(-1) - (-30)/20). Let z(v) = -8*v**2 + 2. What is z(i)?
-6
Let u(j) be the second derivative of -2*j + 103 + 0*j**2 + 1/6*j**3. Calculate u(-6).
-6
Let i(v) = -v**3 - 3*v**2 + 3*v + 4. Let f(g) = -157*g + 156*g + 2 - 5. Let w be f(-3). Suppose w = q - 4*j - 1, 3*q - j = -5 - 3. Calculate i(q).
-5
Let a(b) = -2*b - 1. Let k(y) = -y**3 - 14*y**2 + 11*y - 19. Let q be k(-15). Suppose 0 = -q*j + 33*j + 40. What is a(j)?
-11
Let g = 26 - 37. Let k(s) = 3*s + 8. Let r(z) = z + 3. Let i(d) = g*r(d) + 4*k(d). Let c(y) = y**3 - 8*y**2 + 12*y - 10. Let v(b) = c(b) - 5*i(b). What is v(7)?
-5
Let u(k) = -4*k**2 + 2*k. Suppose -2*f - 1 = 5*y, 0 = 2*f - 10*y + 9*y + 19. Let j be 24*(4/(-6))/(6 + f). Let g be (1/2)/(2/j). Determine u(g).
-12
Suppose -1 = -y + b, 105 = 3*y + 3*b + 66. Let g(t) = 19*t - 135. Give g(y).
-2
Let o(i) be the third derivative of i**5/60 + i**4/3 + 7*i**3/6 + 37*i**2 - 2*i. Give o(-1).
0
Suppose 0 = -d - 5*f + 101 + 238, 3*d - 2*f = 1102. Let a(t) = -d + 362 - t**2 - 3*t + 2*t. Determine a(2).
-8
Let o be 15*((-2)/(-6) + 0). Let c(f) = 3*f + 1 - f + o*f. Let k = -27671 + 27670. What is c(k)?
-6
Let x(b) = -b**3 + 7*b**2 - 17*b + 51. Let d(g) = g**2 + 114*g - 226. Let z be d(2). Calculate x(z).
-15
Let n(x) = 0*x**2 + 1048 - x**2 - 1052 + 9*x. Let o be (-3 - -12)/(2/2). Determine n(o).
-4
Let t(i) = -17*i**3 - 17*i**2 + 20*i + 3. Let b(k) = -42*k**3 - 33*k**2 + 40*k + 5. Let r(g) = -2*b(g) + 5*t(g). Give r(-20).
5
Let p(n) be the third derivative of -n**6/30 - n**5/60 - n**4/6 + 6*n**2. Let q(s) = 3*s**3 + s**2 + 3*s. Let d(a) = -5*p(a) - 7*q(a). Give d(-1).
0
Suppose -3*n - 5*r + 19 = 14, -n - 5*r = -15. Let p(t) = t**3 + 7*t**2 + 8*t - 13. What is p(n)?
-3
Let v(f) = f**2 - 21 + 16*f - 27*f - 26 - 132 + 24. Calculate v(-8).
-3
Let l = -433 + 450. Let u(o) = -5*o + 77. Give u(l).
-8
Let i(h) = -h**2 + 16*h - 107. Let j(o) = -o**2 + 15*o - 105. Let f(z) = -6*i(z) + 5*j(z). Calculate f(7).
19
Let k(d) be the third derivative of -d**4/4 - 2*d**3 - 4*d**2. Suppose 4*v - 4 = -i, -4*v - 17 = 12*i + 23. Determine k(i).
12
Let p(z) = -z**3 + 9*z**2 - 6*z - 11. Suppose -5*o - 3*c + 71 = 0, -c - 29 = o - 44. Suppose -3*i - 10 - 1 = -u, 5*i + o = u. Determine p(u).
5
Let m(s) = -9*s**3 - s**2. Suppose 14 = -3*j + 26. Suppose -14*q - 4*n - 10 = -12*q, 2*n + j = -2*q. Determine m(q).
-10
Let w(m) be the third derivative of m**6/24 - m**5/30 + m**3/6 + m**2. Let f = -246 - -292. Suppose -11*q = f - 35. Calculate w(q).
-6
Let s(r) = -40 + r**3 - 32 - 35 + 99. Suppose 2*g = -54 - 12. Let h = g + 33. Calculate s(h).
-8
Let a(j) = j**2 + 25*j - 22. Let l = -376 - -378. Suppose -2*z + 26 = l*m - 3*m, -3*m = 4*z + 78. Give a(m).
4
Let g(q) be the third derivative of -q**5/60 + 3*q**4/8 - 2*q**3/3 + 99843*q**2. Let d(k) = 10*k**2 - k. Let f be d(1). Calculate g(f).
-4
Let y(v) = -2*v**2 + 26*v - 85. Let o be (286/(-1144))/(1/(-24)). What is y(o)?
-1
Suppose -9*g = -7*g + 308. Let o = g + 151. Let c(l) = 5*l - 1. Give c(o).
-16
Let u(t) = 2*t - 11*t**2 + 134*t**3 - 1 + 0 - 132*t**3. Suppose 7*f - 30 = 26. Let j(i) = 5*i**3 - 32*i**2 + 5*i - 2. Let z(k) = f*u(k) - 3*j(k). Give z(-8).
-10
Let m(z) = -2*z - 5. Let q = 48 - 44. Suppose -y - 8 = j - 29, 5*j + q*y = 104. Suppose 0 = -5*g + p - 30, -p + 2 = 3*g + j. Give m(g).
7
Let p(t) = -117657*t - 1 + 8 + 117656*t. Let d(f) = -f**2 - 3*f. Let l be d(-3). Suppose -n - 5 = l, n = 2*b + 2 + 3. Calculate p(b).
12
Suppose 27*d + 454 + 209 = 150. Let z(p) = 4*p + 31. What is z(d)?
-45
Let s(x) be the first derivative of x**3/6 + 2*x**2 - 63*x - 5. Let t(p) be the first derivative of s(p). Calculate t(-3).
1
Let x be (-28 - 3015/(-108))/(10/(-6)). Let g(c) be the second derivative of 5/6*c**3 - x*c**5 - 15*c + c**2 + 0*c**4 + 0. What is g(-3)?
14
Suppose v - 3 + 14 = p, 3*p + 5*v = 81. Let z(r) = -2*r**3 + 33*r**2 + 19*r - 37. Determine z(p).
-3
Let s(l) be the third derivative of l**5/60 + l**4/4 - 92*l**3/3 + 303*l**2. Give s(11).
3
Let s(v) be the second derivative of -1/3*v**3 + 1 - 31/2*v**2 + 41*v. Give s(-18).
5
Let l(j) = -48 + 103 - 3*j**2 - 46 - 4*j - j. Give l(-5).
-41
Let f(d) be the first derivative of d**4/4 - 8*d**3/3 - 3*d**2 - 11*d + 12998. Determine f(7).
-102
Let z(h) = h**3 + 13*h**2 + 22*h + 15. Let o be -15 + -14*(-14)/49. Give z(o).
15
Let k(f) be the second derivative of -f**6/45 - f**5/120 + f**4/24 + f**3/3 + 4*f**2 + 7*f - 1. Let s(t) be the second derivative of k(t). Give s(1).
-8
Suppose 2*j + 6*h - h = 6, 0 = 3*j - 2*h + 29. Let k(d) be the second derivative of d**5/20 + 7*d**4/12 + d**3/6 + 5*d**2 - 9319*d. Calculate k(j).
3
Let x(v) be the third derivative of v**6/360 + v**5/120 - 5*v**4/12 - v**3/2 - 106*v**2. Let t(j) be the second derivative of x(j). Give t(-4).
-7
Let a(t) be the third derivative of t**6/120 + 7*t**5/30 + 5*t**4/8 + 17*t**3/6 + t**2 - 2*t + 226. Suppose 0 = b - 5*b - 52. Calculate a(b).
-9
Let i(o) = -o**2 + 9*o + 12. Let x = 4024 + -4011. Give i(x).
-40
Let w(b) = -b**2 + 6*b - 1. Let t = 65 + -24. Let l = t + 1. Let a = -37 + l. Calculate w(a).
4
Let v(t) = 4*t - 163. Let u(s) = -156*s - 271. Let x be u(-2). Calculate v(x).
1
Let x(g) = 33*g + 112. Let v(b) = 99*b + 328. Let u(r) = 2*v(r) - 7*x(r). Give u(-4).
4
Suppose 0*g - 3*g + 453 = 3*x, 5*g + 453 = 3*x. Suppose -19*p + x = -58. Let u(h) = -h**3 + 12*h**2 - 10*h - 4. Calculate u(p).
7
Let x(z) = -3*z**3 - 3*z**2 - 4*z - 5. Let l be 112/(-52) - (2565/(-195) + 13). What is x(l)?
15
Let v(i) be the first derivative of i**4/4 - 11*i**3/3 - 3*i**2 - 75*i - 1239. What is v(12)?
-3
Let l(b) be the first derivative of 11*b**2/2 - 30*b - 1187. What is l(6)?
36
Let k be (-96)/(-10) - 10/(-25). Let g(w) be the first derivative of -3*w - w**2 + k*w - 11 + 0*w. What is g(5)?
-3
Let r(u) = 40689 + 40724 - 81309 + u + 3*u